{"id":7968,"date":"2020-04-11T08:36:29","date_gmt":"2020-04-11T08:36:29","guid":{"rendered":"https:\/\/www.gavias-theme.com\/wp\/inusti\/?page_id=7968"},"modified":"2023-03-11T22:24:56","modified_gmt":"2023-03-12T01:24:56","slug":"novidades-immacis","status":"publish","type":"page","link":"https:\/\/inmacis.com.br\/index.php\/novidades-immacis\/","title":{"rendered":"Novidades Immacis"},"content":{"rendered":"\t\t<div data-elementor-type=\"wp-page\" data-elementor-id=\"7968\" class=\"elementor elementor-7968\" data-elementor-post-type=\"page\">\n\t\t\t\t\t\t<section class=\"elementor-section elementor-top-section elementor-element elementor-element-adc65de elementor-section-boxed elementor-section-height-default elementor-section-height-default\" data-id=\"adc65de\" data-element_type=\"section\">\n\t\t\t\t\t\t<div class=\"elementor-container elementor-column-gap-default\">\n\t\t\t\t\t<div class=\"elementor-column elementor-col-100 elementor-top-column elementor-element elementor-element-474e27b top column-style-top\" data-id=\"474e27b\" data-element_type=\"column\">\n\t\t\t<div class=\"elementor-widget-wrap elementor-element-populated\">\n\t\t\t\t\t\t<div class=\"elementor-element elementor-element-a83bab2 elementor-widget elementor-widget-gva-posts\" data-id=\"a83bab2\" data-element_type=\"widget\" data-widget_type=\"gva-posts.default\">\n\t\t\t\t<div class=\"elementor-widget-container\">\n\t\t\t<div class=\"gva-element-gva-posts gva-element\">  \r\n  <div class=\"gva-posts-grid clearfix gva-posts\">\r\n      <div class=\"gva-content-items\"> \r\n        <div class=\"lg-block-grid-3 md-block-grid-3 sm-block-grid-2 xs-block-grid-2 xx-block-grid-1\">\r\n          \r\n<div class=\"all blog  item-columns\">\r\n   <article id=\"post-15462\" class=\"post-15462 post type-post status-publish format-standard has-post-thumbnail hentry category-blog tag-acumulador-de-fardos-redondos tag-enfardadeiras-de-feno tag-equipamentos-agricolas tag-feno tag-maquinas-agricolas tag-produtividade-no-campo\">\r\n      <div class=\"post-block post-style-1\">\r\n         <div class=\"post-thumbnail\">\r\n            <a href=\"https:\/\/inmacis.com.br\/index.php\/feno-de-alfafa-x-feno-de-gramineas-o-que-muda-de-verdade\/\">\r\n               <img fetchpriority=\"high\" decoding=\"async\" width=\"600\" height=\"455\" src=\"https:\/\/inmacis.com.br\/wp-content\/uploads\/2026\/03\/fenodealfafaegraminea-600x455.png\" class=\"attachment-post-thumbnail size-post-thumbnail wp-post-image\" alt=\"Feno de Alfafa x Feno de Gram\u00edneas: O que muda de verdade?\" \/>            <\/a>   \r\n                           <div class=\"entry-date\">19 de Mar\u00e7o de 2026<\/div>\r\n                     <\/div>   \r\n\r\n         <div class=\"entry-content\">\r\n            <div class=\"content-inner\">\r\n               <div class=\"entry-meta\">\r\n                  <div class=\"meta-inline\"><span class=\"author vcard\"><i class=\"far fa-user-circle\"><\/i>by&nbsp;Sabrina Groot<\/span><span class=\"post-comment\"><i class=\"fas fa-comments\"><\/i>0 comments<\/span><\/div>                  \r\n               <\/div> \r\n               <h2 class=\"entry-title\"><a href=\"https:\/\/inmacis.com.br\/index.php\/feno-de-alfafa-x-feno-de-gramineas-o-que-muda-de-verdade\/\" rel=\"bookmark\">Feno de Alfafa x Feno de Gram\u00edneas: O que muda de verdade?<\/a><\/h2>\r\n               <div class=\"read-more\">\r\n                  <a class=\"btn-inline\" href=\"https:\/\/inmacis.com.br\/index.php\/feno-de-alfafa-x-feno-de-gramineas-o-que-muda-de-verdade\/\">Read more<\/a>\r\n               <\/div>\r\n            <\/div>\r\n         <\/div>\r\n      <\/div>   \r\n   <\/article>   \r\n<\/div>\r\n\r\n  \r\n<div class=\"all blog  item-columns\">\r\n   <article id=\"post-15456\" class=\"post-15456 post type-post status-publish format-standard has-post-thumbnail hentry category-blog tag-acumulador-de-fardos-quadrados tag-acumulador-de-fardos-redondos tag-carretas-agricolas tag-enfardadeiras-de-feno tag-equipamentos-agricolas tag-feno tag-maquinas-agricolas tag-pegador-de-fardos tag-pegador-de-fardos-quadrados tag-produtividade-no-campo\">\r\n      <div class=\"post-block post-style-1\">\r\n         <div class=\"post-thumbnail\">\r\n            <a href=\"https:\/\/inmacis.com.br\/index.php\/umidade-ideal-para-o-feno\/\">\r\n               <img decoding=\"async\" width=\"600\" height=\"455\" src=\"https:\/\/inmacis.com.br\/wp-content\/uploads\/2026\/02\/WhatsApp-Image-2025-02-11-at-15.31.26-3-600x455.jpeg\" class=\"attachment-post-thumbnail size-post-thumbnail wp-post-image\" alt=\"Umidade ideal para o feno\" \/>            <\/a>   \r\n                           <div class=\"entry-date\">26 de Fevereiro de 2026<\/div>\r\n                     <\/div>   \r\n\r\n         <div class=\"entry-content\">\r\n            <div class=\"content-inner\">\r\n               <div class=\"entry-meta\">\r\n                  <div class=\"meta-inline\"><span class=\"author vcard\"><i class=\"far fa-user-circle\"><\/i>by&nbsp;Sabrina Groot<\/span><span class=\"post-comment\"><i class=\"fas fa-comments\"><\/i>0 comments<\/span><\/div>                  \r\n               <\/div> \r\n               <h2 class=\"entry-title\"><a href=\"https:\/\/inmacis.com.br\/index.php\/umidade-ideal-para-o-feno\/\" rel=\"bookmark\">Umidade ideal para o feno<\/a><\/h2>\r\n               <div class=\"read-more\">\r\n                  <a class=\"btn-inline\" href=\"https:\/\/inmacis.com.br\/index.php\/umidade-ideal-para-o-feno\/\">Read more<\/a>\r\n               <\/div>\r\n            <\/div>\r\n         <\/div>\r\n      <\/div>   \r\n   <\/article>   \r\n<\/div>\r\n\r\n  \r\n<div class=\"all blog  item-columns\">\r\n   <article id=\"post-15437\" class=\"post-15437 post type-post status-publish format-standard has-post-thumbnail hentry category-blog tag-equipamentos-agricolas tag-feno tag-maquinas-agricolas tag-pegador-de-fardos tag-pegador-de-fardos-quadrados tag-pegador-de-fardos-redondos tag-produtividade-no-campo\">\r\n      <div class=\"post-block post-style-1\">\r\n         <div class=\"post-thumbnail\">\r\n            <a href=\"https:\/\/inmacis.com.br\/index.php\/pegadores-de-fardos-agilidade-e-seguranca-no-manejo-do-feno\/\">\r\n               <img decoding=\"async\" width=\"600\" height=\"455\" src=\"https:\/\/inmacis.com.br\/wp-content\/uploads\/2025\/08\/Pegador-de-Fardos-Quadrados-Inmacis-Blog-2-600x455.webp\" class=\"attachment-post-thumbnail size-post-thumbnail wp-post-image\" alt=\"Pegadores de Fardos: agilidade e seguran\u00e7a no manejo do feno\" \/>            <\/a>   \r\n                           <div class=\"entry-date\">12 de Agosto de 2025<\/div>\r\n                     <\/div>   \r\n\r\n         <div class=\"entry-content\">\r\n            <div class=\"content-inner\">\r\n               <div class=\"entry-meta\">\r\n                  <div class=\"meta-inline\"><span class=\"author vcard\"><i class=\"far fa-user-circle\"><\/i>by&nbsp;Inmacis<\/span><span class=\"post-comment\"><i class=\"fas fa-comments\"><\/i>0 comments<\/span><\/div>                  \r\n               <\/div> \r\n               <h2 class=\"entry-title\"><a href=\"https:\/\/inmacis.com.br\/index.php\/pegadores-de-fardos-agilidade-e-seguranca-no-manejo-do-feno\/\" rel=\"bookmark\">Pegadores de Fardos: agilidade e seguran\u00e7a no manejo do feno<\/a><\/h2>\r\n               <div class=\"read-more\">\r\n                  <a class=\"btn-inline\" href=\"https:\/\/inmacis.com.br\/index.php\/pegadores-de-fardos-agilidade-e-seguranca-no-manejo-do-feno\/\">Read more<\/a>\r\n               <\/div>\r\n            <\/div>\r\n         <\/div>\r\n      <\/div>   \r\n   <\/article>   \r\n<\/div>\r\n\r\n  \r\n<div class=\"all blog  item-columns\">\r\n   <article id=\"post-15393\" class=\"post-15393 post type-post status-publish format-standard has-post-thumbnail hentry category-blog tag-acumulador-de-fardos-quadrados tag-acumulador-de-fardos-redondos tag-equipamentos-agricolas tag-feno tag-maquinas-agricolas tag-produtividade-no-campo\">\r\n      <div class=\"post-block post-style-1\">\r\n         <div class=\"post-thumbnail\">\r\n            <a href=\"https:\/\/inmacis.com.br\/index.php\/aumente-a-eficiencia-da-sua-producao-de-feno-com-o-acumulador-de-fardos-inmacis\/\">\r\n               <img loading=\"lazy\" decoding=\"async\" width=\"600\" height=\"455\" src=\"https:\/\/inmacis.com.br\/wp-content\/uploads\/2023\/04\/2022-06-22-ACUMULADOR-DE-FARDOS-REDONDOS-DUPLO-ALEXANDRE-34-Custom-600x455.jpg\" class=\"attachment-post-thumbnail size-post-thumbnail wp-post-image\" alt=\"Aumente a Efici\u00eancia da sua Produ\u00e7\u00e3o de Feno com o Acumulador de Fardos Inmacis\" \/>            <\/a>   \r\n                           <div class=\"entry-date\">11 de Mar\u00e7o de 2025<\/div>\r\n                     <\/div>   \r\n\r\n         <div class=\"entry-content\">\r\n            <div class=\"content-inner\">\r\n               <div class=\"entry-meta\">\r\n                  <div class=\"meta-inline\"><span class=\"author vcard\"><i class=\"far fa-user-circle\"><\/i>by&nbsp;Inmacis<\/span><span class=\"post-comment\"><i class=\"fas fa-comments\"><\/i>0 comments<\/span><\/div>                  \r\n               <\/div> \r\n               <h2 class=\"entry-title\"><a href=\"https:\/\/inmacis.com.br\/index.php\/aumente-a-eficiencia-da-sua-producao-de-feno-com-o-acumulador-de-fardos-inmacis\/\" rel=\"bookmark\">Aumente a Efici\u00eancia da sua Produ\u00e7\u00e3o de Feno com o Acumulador de Fardos Inmacis<\/a><\/h2>\r\n               <div class=\"read-more\">\r\n                  <a class=\"btn-inline\" href=\"https:\/\/inmacis.com.br\/index.php\/aumente-a-eficiencia-da-sua-producao-de-feno-com-o-acumulador-de-fardos-inmacis\/\">Read more<\/a>\r\n               <\/div>\r\n            <\/div>\r\n         <\/div>\r\n      <\/div>   \r\n   <\/article>   \r\n<\/div>\r\n\r\n  \r\n<div class=\"all blog  item-columns\">\r\n   <article id=\"post-15386\" class=\"post-15386 post type-post status-publish format-standard has-post-thumbnail hentry category-blog\">\r\n      <div class=\"post-block post-style-1\">\r\n         <div class=\"post-thumbnail\">\r\n            <a href=\"https:\/\/inmacis.com.br\/index.php\/otimize-o-transporte-do-seu-feno-com-as-carretas-agricolas-inmacis\/\">\r\n               <img loading=\"lazy\" decoding=\"async\" width=\"600\" height=\"455\" src=\"https:\/\/inmacis.com.br\/wp-content\/uploads\/2023\/03\/carreta-03-600x455.jpg\" class=\"attachment-post-thumbnail size-post-thumbnail wp-post-image\" alt=\"Otimize o Transporte do Seu Feno com as Carretas Agr\u00edcolas Inmacis\" srcset=\"https:\/\/inmacis.com.br\/wp-content\/uploads\/2023\/03\/carreta-03-600x455.jpg 600w, https:\/\/inmacis.com.br\/wp-content\/uploads\/2023\/03\/carreta-03-24x18.jpg 24w, https:\/\/inmacis.com.br\/wp-content\/uploads\/2023\/03\/carreta-03-36x27.jpg 36w, https:\/\/inmacis.com.br\/wp-content\/uploads\/2023\/03\/carreta-03-48x36.jpg 48w\" sizes=\"(max-width: 600px) 100vw, 600px\" \/>            <\/a>   \r\n                           <div class=\"entry-date\">5 de Fevereiro de 2025<\/div>\r\n                     <\/div>   \r\n\r\n         <div class=\"entry-content\">\r\n            <div class=\"content-inner\">\r\n               <div class=\"entry-meta\">\r\n                  <div class=\"meta-inline\"><span class=\"author vcard\"><i class=\"far fa-user-circle\"><\/i>by&nbsp;Inmacis<\/span><span class=\"post-comment\"><i class=\"fas fa-comments\"><\/i>0 comments<\/span><\/div>                  \r\n               <\/div> \r\n               <h2 class=\"entry-title\"><a href=\"https:\/\/inmacis.com.br\/index.php\/otimize-o-transporte-do-seu-feno-com-as-carretas-agricolas-inmacis\/\" rel=\"bookmark\">Otimize o Transporte do Seu Feno com as Carretas Agr\u00edcolas Inmacis<\/a><\/h2>\r\n               <div class=\"read-more\">\r\n                  <a class=\"btn-inline\" href=\"https:\/\/inmacis.com.br\/index.php\/otimize-o-transporte-do-seu-feno-com-as-carretas-agricolas-inmacis\/\">Read more<\/a>\r\n               <\/div>\r\n            <\/div>\r\n         <\/div>\r\n      <\/div>   \r\n   <\/article>   \r\n<\/div>\r\n\r\n  \r\n<div class=\"all blog  item-columns\">\r\n   <article id=\"post-15327\" class=\"post-15327 post type-post status-publish format-standard has-post-thumbnail hentry category-blog\">\r\n      <div class=\"post-block post-style-1\">\r\n         <div class=\"post-thumbnail\">\r\n            <a href=\"https:\/\/inmacis.com.br\/index.php\/trabalho-manual-x-trabalho-mecanizado-qual-e-o-equilibrio-ideal-para-a-producao-de-feno\/\">\r\n               <img loading=\"lazy\" decoding=\"async\" width=\"600\" height=\"455\" src=\"https:\/\/inmacis.com.br\/wp-content\/uploads\/2024\/11\/Trabalho-Manual-x-Trabalho-Mecanizado-Qual-e-o-equilibrio-ideal-para-a-producao-de-feno-blog-inmacis-600x455.webp\" class=\"attachment-post-thumbnail size-post-thumbnail wp-post-image\" alt=\"Trabalho Manual x Trabalho Mecanizado \u2013 Qual \u00e9 o equil\u00edbrio ideal para a produ\u00e7\u00e3o de feno?\" \/>            <\/a>   \r\n                           <div class=\"entry-date\">5 de Novembro de 2024<\/div>\r\n                     <\/div>   \r\n\r\n         <div class=\"entry-content\">\r\n            <div class=\"content-inner\">\r\n               <div class=\"entry-meta\">\r\n                  <div class=\"meta-inline\"><span class=\"author vcard\"><i class=\"far fa-user-circle\"><\/i>by&nbsp;Inmacis<\/span><span class=\"post-comment\"><i class=\"fas fa-comments\"><\/i>0 comments<\/span><\/div>                  \r\n               <\/div> \r\n               <h2 class=\"entry-title\"><a href=\"https:\/\/inmacis.com.br\/index.php\/trabalho-manual-x-trabalho-mecanizado-qual-e-o-equilibrio-ideal-para-a-producao-de-feno\/\" rel=\"bookmark\">Trabalho Manual x Trabalho Mecanizado \u2013 Qual \u00e9 o equil\u00edbrio ideal para a produ\u00e7\u00e3o de feno?<\/a><\/h2>\r\n               <div class=\"read-more\">\r\n                  <a class=\"btn-inline\" href=\"https:\/\/inmacis.com.br\/index.php\/trabalho-manual-x-trabalho-mecanizado-qual-e-o-equilibrio-ideal-para-a-producao-de-feno\/\">Read more<\/a>\r\n               <\/div>\r\n            <\/div>\r\n         <\/div>\r\n      <\/div>   \r\n   <\/article>   \r\n<\/div>\r\n\r\n          <\/div>\r\n      <\/div>\r\n                <div class=\"pagination\">\r\n              <div class=\"column one pager_wrapper\"><div class=\"pager\"><div class=\"paginations\"><a href=\"https:\/\/inmacis.com.br\/index.php\/wp-json\/wp\/v2\/pages\/7968\/\" class=\"page-item active\">1<\/a><a href=\"https:\/\/inmacis.com.br\/index.php\/wp-json\/wp\/v2\/pages\/7968\/page\/2\/\" class=\"page-item\">2<\/a><a href=\"https:\/\/inmacis.com.br\/index.php\/wp-json\/wp\/v2\/pages\/7968\/page\/3\/\" class=\"page-item\">3<\/a><a class=\"next_page\" href=\"https:\/\/inmacis.com.br\/index.php\/wp-json\/wp\/v2\/pages\/7968\/page\/2\/\"><i class=\"fas fa-chevron-right\"><\/i><\/a><\/div><\/div><\/div>\n          <\/div>\r\n        <\/div>\r\n  <\/div>\t\t<\/div>\n\t\t\t\t<\/div>\n\t\t\t\t\t<\/div>\n\t\t<\/div>\n\t\t\t\t\t<\/div>\n\t\t<\/section>\n\t\t\t\t<\/div>\n\t\t","protected":false},"excerpt":{"rendered":"<p>10 de mar\u00e7o de 2023 by&nbsp;Inmacis0 comments Valor da Produ\u00e7\u00e3o Agropecu\u00e1ria de 2022 est\u00e1 estimado em R$ 1,185 trilh\u00e3o Read more 10 de mar\u00e7o de 2023 by&nbsp;Inmacis0 comments Com US$ 12,6 bilh\u00f5es em vendas, exporta\u00e7\u00f5es do agroneg\u00f3cio batem recorde em novembro Read more 10 de mar\u00e7o de 2023 by&nbsp;Inmacis0 comments Safra de caf\u00e9 deve encerrar [&hellip;]<\/p>\n","protected":false},"author":2,"featured_media":0,"parent":0,"menu_order":0,"comment_status":"closed","ping_status":"closed","template":"","meta":{"_seopress_robots_primary_cat":"","_seopress_titles_title":"","_seopress_titles_desc":"","_seopress_robots_index":"","om_disable_all_campaigns":false,"inline_featured_image":false,"_monsterinsights_skip_tracking":false,"_monsterinsights_sitenote_active":false,"_monsterinsights_sitenote_note":"","_monsterinsights_sitenote_category":0,"_uf_show_specific_survey":0,"_uf_disable_surveys":false,"footnotes":""},"class_list":["post-7968","page","type-page","status-publish","hentry","post"],"_links":{"self":[{"href":"https:\/\/inmacis.com.br\/index.php\/wp-json\/wp\/v2\/pages\/7968"}],"collection":[{"href":"https:\/\/inmacis.com.br\/index.php\/wp-json\/wp\/v2\/pages"}],"about":[{"href":"https:\/\/inmacis.com.br\/index.php\/wp-json\/wp\/v2\/types\/page"}],"author":[{"embeddable":true,"href":"https:\/\/inmacis.com.br\/index.php\/wp-json\/wp\/v2\/users\/2"}],"replies":[{"embeddable":true,"href":"https:\/\/inmacis.com.br\/index.php\/wp-json\/wp\/v2\/comments?post=7968"}],"version-history":[{"count":5,"href":"https:\/\/inmacis.com.br\/index.php\/wp-json\/wp\/v2\/pages\/7968\/revisions"}],"predecessor-version":[{"id":13840,"href":"https:\/\/inmacis.com.br\/index.php\/wp-json\/wp\/v2\/pages\/7968\/revisions\/13840"}],"wp:attachment":[{"href":"https:\/\/inmacis.com.br\/index.php\/wp-json\/wp\/v2\/media?parent=7968"}],"curies":[{"name":"wp","href":"https:\/\/api.w.org\/{rel}","templated":true}]}}